. Is w(-6) a prime number?
True
Suppose 45 = -13*s + 149. Suppose -4*a + s = -4. Suppose 4*y = -2*i - 0*i + 426, -y - 604 = -a*i. Is i a composite number?
True
Let m be (0 + -9)/(13/(-104)*-8). Let y(a) = -a**3 - a**2 + 15*a - 34. Is y(m) prime?
True
Let y(o) = -2*o**2 + 0*o + o**3 + 3*o - 5*o**2 - 3 + 6*o. Let u be y(7). Is u/20 - 190*-19 composite?
False
Let v(d) = -5244*d + 6059. Is v(-32) composite?
False
Suppose -5*c - 264203 = -16*c + 4174286. Is c a prime number?
True
Suppose 4*v + 3*b = 2*v + 51, v - 3*b - 12 = 0. Is v/(-14)*-5204 - (-15)/(-3) prime?
False
Suppose 4*g - 143*k + 144*k - 100080 = 0, 5*k + 75083 = 3*g. Is g composite?
True
Let g(m) = -98*m - 1775. Is g(-69) composite?
False
Let k be 5/3 + 2/6. Suppose -k - 8 = -o. Suppose -2*a + o*a = 21224. Is a prime?
False
Suppose -v + 18844 = 3*v. Let n = v + -1294. Suppose 0 = -9*f + 2586 + n. Is f a composite number?
True
Let w = 83 + -76. Suppose -13*t + w*t = -6354. Let a = t - 662. Is a a prime number?
True
Suppose 206533 = -38*o + 12429. Is 39/(-26)*o/6 composite?
False
Let l(w) = -558*w - 55. Let n be l(-20). Let m = -7854 + n. Is m prime?
True
Let i = 4255 + 232. Is i a composite number?
True
Let c = -3665 + 9165. Let y = c + -2565. Suppose 0 = -5*k - 2*p + y, 5*k - 3201 = 5*p - 266. Is k composite?
False
Suppose -3*i - 9*h + 4*h + 12 = 0, 2*i - 4 = -2*h. Is (127870/10)/(2 + (i - 0)) a composite number?
True
Suppose 19*p = -524683 + 4102. Is 2/11 + p/(-11) a prime number?
False
Suppose w + 1416 = -4*j + 32835, -2*w + 2*j + 62888 = 0. Is w prime?
False
Suppose -3*i + 1130664 = 21*i - 0*i. Is i composite?
False
Let p = -313648 - -448803. Is p a composite number?
True
Is 537136/32 + 3/12*6 a composite number?
False
Let u = -62101 + 231912. Is u a composite number?
True
Let h(t) be the second derivative of 13*t**5/2 + t**4/3 - 4*t**3/3 + t**2/2 - 3*t + 12. Is h(4) a prime number?
True
Let l(h) = -66*h**3 + 10*h**2 - 80*h + 29. Is l(-13) a prime number?
True
Let c = 10942 - -361. Is c a composite number?
True
Suppose n - 20 + 7 = -5*w, 0 = 3*w - 5*n - 19. Suppose 4*p = 5*p + w*q - 10091, -4*p + 40364 = 5*q. Is p prime?
True
Is (-19680814)/(-74) + (175/(-185) - -1) a composite number?
False
Suppose 16383857 = 5*j - 4*v, -4*v + 15486415 + 897418 = 5*j. Is j composite?
True
Let p = 1604791 - 925982. Is p a prime number?
True
Let w(b) = b**3 + 118*b**2 - 8*b + 308. Is w(-31) a composite number?
False
Let y(x) = 2*x - 1. Let a(k) = 343*k - 86. Let w(g) = -a(g) + 4*y(g). Is w(-3) prime?
True
Suppose 38*u + 11431 - 45213 = 102524. Is u prime?
False
Let v be ((-12)/(-36))/(5/(-180)). Is (v/(-54))/(-2)*-3*18735 prime?
False
Let p(d) = 2*d + 3. Let x be p(-2). Let r be (63/(-28) + x/(-4))*-1. Suppose 3*o = -r*i + 259, -5*i = -o - 3*o - 659. Is i a prime number?
True
Let q(g) = 6*g + 5 - 20 - 5 + 5. Let w be q(2). Is (-4 - -341)*(-2 - w) a composite number?
False
Let a(d) = -d**2 + 7*d - 6. Let j be a(4). Suppose -r + j*r = -i + 746, 5*i = 5*r + 3880. Let n = -2 + i. Is n prime?
True
Let f(z) = 8887*z + 747. Is f(58) prime?
True
Suppose -168 = 12*o - 9*o. Let j = -48 - o. Is (j - 11)*(-422)/6 composite?
False
Suppose -10 = -7*n + 2*n, -n - 8113 = 3*p. Suppose 4*g - 17881 = 5*y, 5*y + 22345 = 8*g - 3*g. Let b = g + p. Is b a composite number?
False
Let h(z) = -11767*z - 1339. Is h(-26) a composite number?
True
Let u = -4552 + 7601. Is u a prime number?
True
Is ((-180193163)/(-212) + 3/(-4))/1 a prime number?
True
Let h = -79661 + 114992. Is h a composite number?
True
Let q be (-108)/8*(-4)/24*4. Suppose -q*o = -2*o - 15547. Is o a prime number?
True
Suppose 2*z = -6 - 0. Let n be (z - -1)*-2 - 0. Let v(b) = 2*b**3 - 4*b**2 - b - 7. Is v(n) a prime number?
True
Is ((-133471)/(-26))/(4/40) a composite number?
True
Suppose -66*t - 34*t + 9276677 = -1339623. Is t prime?
True
Is 2865/764*71992/6 composite?
True
Let v(r) be the first derivative of 2*r**3/3 - 3*r**2/2 - 3*r - 38. Let l be v(-1). Suppose -266 = -y - 5*q, l*y + 4*q - 677 = -163. Is y a prime number?
True
Is ((-268)/12)/(12/(-65916) + 0) a composite number?
True
Is (-1315097)/(-14 - -7) + -10 composite?
False
Suppose 4*g + 6*g + 380 = 0. Let r = g + 40. Suppose p - r*q - 466 = 411, 0 = -p + 4*q + 867. Is p prime?
True
Let p(m) = 2*m**3 + 7*m**2 - 9*m - 43. Let u be p(-9). Let i = u - -2066. Is i prime?
True
Suppose -2*b = 5*f - 10675, -2*f + b = -2*b - 4251. Let p = f - -1622. Is p composite?
True
Let n(s) = -791*s - 635*s + 2010*s - 3071*s + 89. Is n(-12) prime?
False
Let w be 846/4*4128/(-72). Let m = 24197 + w. Is m a composite number?
False
Let m be 108/288 + 202/16 + -2. Suppose 5*b - m*b = -690. Is b a composite number?
True
Let d(s) = 59*s**2 + 325*s - 101. Is d(-66) prime?
False
Let o be 380/(-7) - (-2)/7. Let s be (-3 + -128)/((-35)/25) + (-4)/7. Let x = o + s. Is x composite?
True
Suppose -596*i = -604*i + 152. Suppose 0 = -14*f + i*f - 122965. Is f composite?
False
Is (639/(-36) - -18)/(2/4394248*1) prime?
True
Let o = 87741 - -66902. Is o a composite number?
False
Suppose 82*c - 342082 = -0*c + 377796. Is c composite?
False
Suppose 3*b + 93830 = 126*q - 124*q, -b - 93822 = -2*q. Is q prime?
False
Suppose 3*v + 3 = 4*m - m, -v + 11 = 2*m. Suppose m*b = 6331 + 15401. Is b a composite number?
True
Suppose -4*g + 5*s = -15, -50 = -3*g + s - 5*s. Let t be 1 - (-2 + (g - 3)). Is 618/t*(-16)/24 composite?
False
Suppose -8 = -5*z - 2*b, 0 = 2*z + 3*z - 4*b - 14. Suppose z*v = 5*y - 15, -7 = -4*y + v + 8. Suppose -698 = -h - 3*p, -2*p + 3 = -y*p. Is h a composite number?
False
Let g = -638 + 647. Suppose -g*x + 17698 = -4829. Is x composite?
False
Let z be 7/((-14)/14010)*1. Let f = 11336 - z. Is f prime?
True
Let v(i) = -i**3 - 2*i**2 - i - 6. Let t be v(-3). Suppose -40*d = -37*d + t. Is 706/2 + (-6 - d) + 4 prime?
True
Let d(u) = -3*u + 3. Let z be d(4). Let c be -1*3/z - (-152)/12. Let x(l) = 21*l + 22. Is x(c) prime?
False
Suppose -n + 5*v + 360154 = 0, -5*v = -5*n - 0*n + 1800630. Is n a composite number?
True
Let k(l) = 366*l + 7. Suppose 42 = -9*i + 96. Is k(i) a prime number?
True
Let z be 2/(-7) - (-130)/(-35). Suppose -3*w = -3*n, w + 26 = 3*n + 20. Is ((-9)/n - z)/(1/79) prime?
True
Suppose 1356 = 4*b - k, -5*k = -2*b - k + 692. Let m be -127 - (0 - (2 + -2)). Let u = b + m. Is u a prime number?
True
Is (-23 - 12/(-1) - -10)*(-24794 - -1) a composite number?
False
Suppose x = -7*x + 40. Suppose 2*j = -0*j + 3*p + 4245, -x*j + 3*p = -10599. Suppose 0 = 5*y - 9913 + j. Is y composite?
False
Let b(n) = 18249*n - 314. Is b(4) a composite number?
True
Suppose 0 = 5*l + 3*w - 673643, 32*w - 29*w = -l + 134719. Is l a prime number?
True
Let x(v) = -124*v - 65. Let y be x(-6). Let j = -138 + y. Is j prime?
True
Let f = -9083 - -52320. Is f a prime number?
True
Let w = -60 - 48. Let l = w + 695. Is l composite?
False
Let p(y) = 12*y**3 + y**2 - 4*y - 25. Suppose 210 = -19*v + 54*v. Is p(v) prime?
True
Suppose -6864*x = -6800*x - 2237120. Is x prime?
False
Let i(c) = -1025*c**3 - 16*c**2 - 40*c + 8. Is i(-3) a prime number?
False
Let f(s) = 2*s + 32. Let p be f(-14). Let n = p + -5. Is (375 - 3) + n/1 prime?
False
Let b(j) be the first derivative of -131/4*j**4 + 1/3*j**3 - 26 - 2*j - 1/2*j**2. Is b(-1) composite?
False
Is -2 + 5 + -5 - -2155 composite?
False
Let c(m) = -917*m**2 + 3*m + 5. Let l be c(-2). Let v be 2/15 + 16/180*l. Let g = 825 - v. Is g a composite number?
False
Let s(p) = -4*p**3 - 19*p - 74. Let b(z) = -z - 16. Let h be b(-7). Is s(h) a composite number?
True
Let o(r) = 1438*r - 407. Is o(31) prime?
True
Let c(l) = 23*l + 23*l**2 + 9*l + 0*l - l**3 - 1. Is c(24) a composite number?
False
Let f(z) = z**3 + 14*z**2 + 14*z + 22. Let d be f(-13). Suppose 0 = -d*r + 7*r + 8. Suppose 0 = -3*g - 2*w + 431, 443 = 2*g + g - r*w. Is g composite?
True
Let h(o) = 4*o - 13. Suppose 5*w = -9 - 26. Let n = w + 18. Is h(n) prime?
True
Let c = -562 + 601. Is (-4555)/2*-4*c/30 a composite number?
True
Let v = 32250 - -14119. Is v a composite number?
True
Let k(f) = -3*f - 20. Let r be k(-8). Suppose 51 + 1 = -r*q. Is (q/(-5) - 3) + 1572/5 a prime number?
False
Let l be (-22)/(-5) - ((-243)/(-45) + -5). Suppose l*j + 20*r - 3868 = 18*r, -3*j + r + 2901 = 0. Is j a prime number?
True
Let a(o) = 2080*o**2 + 213*o + 1321. Is a(-6